d derivative of v**4/8 - 3*v**3/2 + v**2. Let c be -10*(-9)/(-30)*-2. What are the prime factors of p(c)?
3
Let y(z) = -2*z - 2. Let x be y(-2). Let i be 3/(x - 1) - -37. Suppose 4*d - 24 = 2*p + 48, 2*d - 2*p - i = 0. What are the prime factors of d?
2
Suppose 2*t = 4*f - 26 - 4, f + 3*t - 4 = 0. List the prime factors of f.
7
Let k(n) = -n + 7. Suppose 0 = -4*b + 17 - 1. Suppose -2*j = 4*i + 26, i = -4*j + b*i - 8. List the prime factors of k(j).
2, 3
Suppose 3*r - 25 = -b, 0 = -3*b - b + r + 61. Let i be (-8)/(-32) - 21/4. Let f = i + b. List the prime factors of f.
11
Let b be ((-10)/3)/5*3. Let s = 5 + -18. Let z = b - s. List the prime factors of z.
11
Let y(i) = -i**3 - 3*i**2 - 2*i - 1. Let n be y(-3). Let p(w) = 28*w. Let m be p(1). Suppose -m = h - n*h. What are the prime factors of h?
7
Suppose b - 2*b + 9 = 0. What are the prime factors of 88/9 - (-2)/b?
2, 5
Let b be ((-16)/6 + 2)*-18. Suppose -4*f - 8 = -2*h, 6 = -5*h - 3*f - 0*f. Let r = h + b. What are the prime factors of r?
2, 3
Suppose 3*a = -4*j + 608, a - 760 = -5*j - 2*a. What are the prime factors of j?
2, 19
Let n = 147 - 76. List the prime factors of n.
71
Let d(v) = v**2 + 7*v + 2. Let z be d(-7). Suppose -6*b + 32 = -z*b. What are the prime factors of b?
2
Suppose 0 = -2*k - 5*q + 103, -3*k - 165 = -6*k + 3*q. List the prime factors of k.
2, 3
Let w = -5 + 25. What are the prime factors of w?
2, 5
Suppose 13 + 21 = 2*y. Suppose 2*n = -y + 1. Let x(h) = -h**3 - 8*h**2 + 10. What are the prime factors of x(n)?
2, 5
Suppose 0 = -5*w - 0*w - 3*p + 269, 2*w = p + 101. What are the prime factors of w?
2, 13
Suppose -4*k = z + 35 - 3, 3*z = 3*k - 21. Let y be 12/8 + (-9)/(-2). What are the prime factors of ((-2)/y)/(1/z)?
2
Suppose -l = -5*l + 160. Suppose 0 = 5*n - 3*d - 91 + 28, -4*n + 5*d + l = 0. Suppose 5*z = 2*z + n. What are the prime factors of z?
5
What are the prime factors of (-1850)/(-26) + (-6)/39?
71
Suppose -13 = -2*s + 7. Suppose -5*j - 5*h = -s, -4*j - 3 = 3*h - 9. Suppose j = 5*l - 41 - 9. What are the prime factors of l?
2, 5
Let p = 39 - -15. Suppose -2 = 2*a - 0. What are the prime factors of (p/6)/(a + 2)?
3
Suppose 0 = 29*t - 28*t - 214. List the prime factors of t.
2, 107
Let w be (-104)/(-18) + 4/18. Suppose 0 = 4*k - k - w. Let m = 4 - k. List the prime factors of m.
2
Let c = -15 + 18. List the prime factors of c.
3
Suppose -3*j = -3*q + 3, -4*q - 4 = -j - 23. Suppose -q*k = -5*k - 29. What are the prime factors of k?
29
Let a(t) = 57*t**2 - 3*t + 3. List the prime factors of a(1).
3, 19
Let z(m) = 48*m**2 + m + 2. Let p be z(-2). Suppose p = 4*n - 12. List the prime factors of n.
3, 17
Let s = 8 - -14. List the prime factors of s.
2, 11
Suppose -4*z - 41 = -5*f, 4*f + 2*z = -3*z. What are the prime factors of f?
5
Suppose -34 = -d + 3. Let t(v) = -v**2 - 6*v - 2. Let r be t(-5). Suppose -4*j = -0*j - 8, -r*f = 2*j - d. What are the prime factors of f?
11
Let r(f) = 4*f**2 + f. What are the prime factors of r(2)?
2, 3
Let r(m) = -m + 5. List the prime factors of r(-15).
2, 5
Suppose 2*o + 1 = -3*m, -o + 0 = 2*m + 3. Suppose 9 = 4*w - o. List the prime factors of w.
2
Suppose -4*f + 613 = -5*g, 5*g = f - 2*f + 122. Suppose 2*x - f = -5*h, -5*x + x = -4*h + 140. What are the prime factors of h?
31
Suppose 0 = 5*r + 7*w - 2*w - 115, 125 = 5*r + 3*w. What are the prime factors of r?
2, 7
Suppose -21*n + 14 = -22*n. Suppose -2*w - 14 = 10. List the prime factors of (n/(-4))/((-6)/w).
7
Let a = -7 - -29. List the prime factors of a.
2, 11
Let z = 308 - 137. What are the prime factors of z?
3, 19
Suppose -5*o + 22 + 3 = 0. Let m(c) = -c**3 + 5*c**2 - 3*c - 4. Let x be m(3). Suppose -4*s + x*s - 3 = 0, 0 = -o*n + 3*s + 21. List the prime factors of n.
2, 3
Let i be (378/35)/((-1)/5). List the prime factors of (-1176)/i - (-2)/9.
2, 11
Let l be (5/2 + -2)*-16. Let z = 22 + l. What are the prime factors of z?
2, 7
Let i(l) = l**2 - 10*l + 3. Let b be i(10). Suppose -3 = -b*k + 9. Let w = k + -1. What are the prime factors of w?
3
Let x be (-2)/(-9) - 7/(-9). Suppose -v + x + 1 = 0. Suppose v*a - 30 = -2. List the prime factors of a.
2, 7
Let r = -5 - -9. Suppose -111 = -r*v - 39. Suppose 0 = -5*l + 2*l + v. List the prime factors of l.
2, 3
Let d = 14 - 0. Suppose -x + d = f + 2*x, 20 = -5*x. What are the prime factors of f?
2, 13
List the prime factors of (96/(-80))/((-2)/445).
3, 89
Let v(t) = t**3 - t**2 - 2. Let d be v(2). Let q(p) be the first derivative of p**3/3 - p**2/2 - 1. List the prime factors of q(d).
2
Let o = -141 + 256. List the prime factors of o.
5, 23
Suppose 4*p - d = -3*d - 4, 3*d = -p - 11. What are the prime factors of 32 + 1*(p - -3)?
2, 3
Let j(p) = 5*p + 2. What are the prime factors of j(2)?
2, 3
Let v = 248 - 71. List the prime factors of v.
3, 59
Suppose -w = -28 + 4. Let m(y) = -13*y**3. Let g be m(1). Let x = g + w. List the prime factors of x.
11
Suppose 5*b - 31 = 39. List the prime factors of b.
2, 7
What are the prime factors of (-2 + 25)/((-2)/(-6))?
3, 23
Suppose -15 = 5*o + 5*r, 4*r - 3*r + 5 = 0. Suppose 2*n = -o + 10. List the prime factors of n.
2
Let h(f) = 2*f + 4. Let o(j) = j**2 - 5*j - 8. Let s be o(7). List the prime factors of h(s).
2
Suppose -f = 43 - 115. Let n = -38 + f. List the prime factors of n.
2, 17
Let x(m) = 2*m**3 + 6*m**2 + 11*m. Let c(g) = g**3 + g - 1. Let k(l) = 3*c(l) - x(l). Let u be k(7). What are the prime factors of (-166)/(-10) - (-6)/u?
2
Let a(j) = 2*j**2. Let f be a(4). Suppose -5*d + 7 = -8. Suppose 16 = d*v - f. What are the prime factors of v?
2
List the prime factors of -213*(-2 + (-20)/(-12)).
71
Suppose -10*j = -2*g - 6*j + 256, -3*g + j + 394 = 0. What are the prime factors of g?
2, 3, 11
Let u be (-2)/8 + 12/(-16). Let x(m) = 10*m**2. Let g be x(u). Let b = g + -4. List the prime factors of b.
2, 3
Suppose 0 = 3*v + 2*v - 1020. List the prime factors of v.
2, 3, 17
Suppose -3*n - 5 = 5*x, 5*x - 2*n = x + 18. Suppose y = x*y - 1. List the prime factors of (y - 6)*26/(-10).
13
Let n(b) = -8*b + 3. What are the prime factors of n(-4)?
5, 7
Suppose -z = -0*z - 2. Suppose 3*n + 2*j + 2*j = -11, z*n = 2*j + 16. What are the prime factors of n?
3
Let n = 70 + -39. List the prime factors of n.
31
Let p(z) = -7*z + 14. Let y(l) = -4*l + 7. Let g(f) = -6*p(f) + 11*y(f). Let c be g(-5). Let w = c + 8. List the prime factors of w.
11
Let o be 4/(-20) + 4/(-5). List the prime factors of 3/((-3)/(-7)) + o.
2, 3
Let c be (-22)/(-2) + -1 - -2. Let s = -3 + c. What are the prime factors of s?
3
Suppose 0*n - 40 = -2*z - 2*n, 79 = 5*z - 2*n. Suppose 0 = m - z - 22. What are the prime factors of (m/6)/(1/2)?
13
Suppose -5*v - 3 = -13. Suppose -7 = 5*o - 22. Suppose -o*f = -v*f - 6. What are the prime factors of f?
2, 3
Suppose -2*y = -4*p - 92, -4*y - 3*p = -153 - 75. Let v(u) = u**3 - 5*u**2 + 4*u - 6. Let t be v(4). What are the prime factors of (8/t)/((-4)/y)?
2, 3
Suppose 0*a = -o + a + 84, -4*o + 381 = 5*a. List the prime factors of o.
89
Let l(o) = -o**2 + 5*o - 5. Let j(b) = -b - 1. Let i(q) = -2*j(q) + l(q). Let f be i(6). Suppose 2*p + f = 3*p. What are the prime factors of p?
3
Suppose 30 = -s - 0*s. Let v be ((-8)/(-10))/(4/s). Let g = v - -16. What are the prime factors of g?
2, 5
Let i be (3 - (13 - 4))/(-2). Suppose -91 - 12 = -i*y + 4*o, 0 = -4*y - 4*o + 184. List the prime factors of y.
41
Let z(h) = -2*h**3 - 7*h**2 + 5*h. Let l be z(-6). Suppose -3*m - 2*m = -l. List the prime factors of m.
2, 3, 5
Let a be (-1)/(2/4) - 4. Let b(f) = -6*f - 9. List the prime factors of b(a).
3
Let y be -1 + (-3)/((-6)/14). Let c be 39/18 + (-1)/y. What are the prime factors of -1*((3 - c) + -6)?
5
Suppose -3*o + 4*b = 10, 2*o - 7*o = 3*b + 36. List the prime factors of 4/(o/207*-3).
2, 23
Suppose 0 = -2*s - s - 18. List the prime factors of 4/(-6) - 76/s.
2, 3
Suppose i - 68 = 84. List the prime factors of i.
2, 19
Suppose g + 2*l = 5*g - 8, 0 = -3*g - 2*l + 13. Suppose -d = d - 5*x - 2, -4 = 2*d - 2*x. Let m = g - d. List the prime factors of m.
7
What are the prime factors of -5 - -1 - 25*-3?
71
Suppose 8*y - 5*y - 126 = 0. What are the prime factors of y?
2, 3, 7
Let p(f) = -f + 6. Suppose 28 = 4*d - 0. Let j be p(d). Let t = 6 - j. List the prime factors of t.
7
Suppose 116 = 4*l - 3*l 